 the remainder when 446 is divided by 8.
6
Calculate the remainder when 776 is divided by 60.
56
What is the remainder when 346 is divided by 116?
114
What is the remainder when 1229 is divided by 68?
5
What is the remainder when 26373 is divided by 211?
209
What is the remainder when 3245 is divided by 295?
0
Calculate the remainder when 882 is divided by 5.
2
Calculate the remainder when 114 is divided by 61.
53
Calculate the remainder when 639 is divided by 71.
0
Calculate the remainder when 456 is divided by 27.
24
Calculate the remainder when 167 is divided by 42.
41
What is the remainder when 596 is divided by 297?
2
Calculate the remainder when 495 is divided by 31.
30
What is the remainder when 344 is divided by 328?
16
What is the remainder when 806 is divided by 8?
6
What is the remainder when 491 is divided by 462?
29
Calculate the remainder when 1156 is divided by 187.
34
Calculate the remainder when 1061 is divided by 216.
197
What is the remainder when 184 is divided by 32?
24
What is the remainder when 15 is divided by 14?
1
What is the remainder when 2911 is divided by 62?
59
What is the remainder when 4796 is divided by 301?
281
Calculate the remainder when 29 is divided by 18.
11
What is the remainder when 72 is divided by 25?
22
Calculate the remainder when 32 is divided by 26.
6
What is the remainder when 81 is divided by 45?
36
What is the remainder when 80 is divided by 19?
4
What is the remainder when 550 is divided by 44?
22
What is the remainder when 48 is divided by 31?
17
Calculate the remainder when 47 is divided by 18.
11
What is the remainder when 2536 is divided by 159?
151
Calculate the remainder when 177 is divided by 24.
9
Calculate the remainder when 143 is divided by 39.
26
Calculate the remainder when 201 is divided by 21.
12
What is the remainder when 6046 is divided by 72?
70
What is the remainder when 1029 is divided by 329?
42
What is the remainder when 201 is divided by 41?
37
Calculate the remainder when 546 is divided by 88.
18
Calculate the remainder when 336 is divided by 189.
147
What is the remainder when 44 is divided by 21?
2
What is the remainder when 129 is divided by 19?
15
What is the remainder when 356 is divided by 20?
16
Calculate the remainder when 1447 is divided by 23.
21
Calculate the remainder when 251 is divided by 87.
77
What is the remainder when 222 is divided by 113?
109
Calculate the remainder when 43 is divided by 26.
17
What is the remainder when 180 is divided by 86?
8
What is the remainder when 459 is divided by 208?
43
Calculate the remainder when 189 is divided by 64.
61
Calculate the remainder when 44854 is divided by 14.
12
Calculate the remainder when 308 is divided by 62.
60
What is the remainder when 191 is divided by 5?
1
What is the remainder when 243 is divided by 5?
3
What is the remainder when 171 is divided by 45?
36
What is the remainder when 8317 is divided by 10?
7
What is the remainder when 1589 is divided by 219?
56
What is the remainder when 605 is divided by 34?
27
Calculate the remainder when 90 is divided by 21.
6
What is the remainder when 109 is divided by 100?
9
Calculate the remainder when 367 is divided by 76.
63
What is the remainder when 63 is divided by 31?
1
Calculate the remainder when 1422 is divided by 16.
14
Calculate the remainder when 302 is divided by 37.
6
What is the remainder when 941 is divided by 190?
181
Calculate the remainder when 39 is divided by 5.
4
What is the remainder when 629 is divided by 191?
56
Calculate the remainder when 120 is divided by 11.
10
Calculate the remainder when 785 is divided by 43.
11
What is the remainder when 3764 is divided by 624?
20
Calculate the remainder when 179 is divided by 86.
7
Calculate the remainder when 279 is divided by 135.
9
Calculate the remainder when 371 is divided by 93.
92
What is the remainder when 153 is divided by 18?
9
Calculate the remainder when 2969 is divided by 22.
21
Calculate the remainder when 690 is divided by 345.
0
Calculate the remainder when 65 is divided by 15.
5
Calculate the remainder when 2667 is divided by 17.
15
What is the remainder when 4221 is divided by 248?
5
What is the remainder when 189 is divided by 21?
0
What is the remainder when 76 is divided by 56?
20
Calculate the remainder when 164 is divided by 29.
19
Calculate the remainder when 2029 is divided by 36.
13
Calculate the remainder when 2287 is divided by 176.
175
What is the remainder when 836 is divided by 31?
30
Calculate the remainder when 254 is divided by 26.
20
Calculate the remainder when 538 is divided by 30.
28
What is the remainder when 74 is divided by 26?
22
Calculate the remainder when 130 is divided by 51.
28
Calculate the remainder when 2919 is divided by 17.
12
Calculate the remainder when 4 is divided by 4.
0
What is the remainder when 312 is divided by 5?
2
Calculate the remainder when 125 is divided by 103.
22
What is the remainder when 670 is divided by 16?
14
Calculate the remainder when 356 is divided by 17.
16
Calculate the remainder when 370 is divided by 84.
34
What is the remainder when 218 is divided by 23?
11
What is the remainder when 163 is divided by 101?
62
Calculate the remainder when 76 is divided by 72.
4
What is the remainder when 1129 is divided by 87?
85
What is the remainder when 1395 is divided by 24?
3
Calculate the remainder when 601 is divided by 180.
61
What is the remainder when 801 is divided by 23?
19
Calculate the remainder when 212 is divided by 9.
5
Calculate the remainder when 333 is divided by 84.
81
Calculate the remainder when 79 is divided by 36.
7
Calculate the remainder when 918 is divided by 42.
36
What is the remainder when 161 is divided by 6?
5
Calculate the remainder when 328 is divided by 15.
13
Calculate the remainder when 140 is divided by 94.
46
Calculate the remainder when 2858 is divided by 17.
2
What is the remainder when 6846 is divided by 32?
30
What is the remainder when 360 is divided by 22?
8
Calculate the remainder when 1509 is divided by 21.
18
What is the remainder when 1442 is divided by 85?
82
What is the remainder when 17230 is divided by 34?
26
What is the remainder when 1753 is divided by 22?
15
What is the remainder when 181 is divided by 20?
1
What is the remainder when 114 is divided by 43?
28
What is the remainder when 39 is divided by 5?
4
What is the remainder when 465 is divided by 20?
5
What is the remainder when 93 is divided by 64?
29
Calculate the remainder when 210 is divided by 79.
52
Calculate the remainder when 137 is divided by 47.
43
Calculate the remainder when 164 is divided by 34.
28
What is the remainder when 2024 is divided by 25?
24
What is the remainder when 363 is divided by 26?
25
What is the remainder when 185 is divided by 76?
33
What is the remainder when 678 is divided by 134?
8
What is the remainder when 1928 is divided by 957?
14
Calculate the remainder when 518 is divided by 232.
54
Calculate the remainder when 311 is divided by 105.
101
What is the remainder when 1166 is divided by 296?
278
Calculate the remainder when 487 is divided by 61.
60
Calculate the remainder when 27 is divided by 6.
3
Calculate the remainder when 93 is divided by 49.
44
What is the remainder when 430 is divided by 36?
34
What is the remainder when 13 is divided by 3?
1
What is the remainder when 832 is divided by 38?
34
Calculate the remainder when 61 is divided by 4.
1
Calculate the remainder when 646 is divided by 163.
157
What is the remainder when 230 is divided by 58?
56
Calculate the remainder when 1352 is divided by 193.
1
Calculate the remainder when 9308 is divided by 12.
8
Calculate the remainder when 2768 is divided by 15.
8
What is the remainder when 144 is divided by 5?
4
Calculate the remainder when 572 is divided by 195.
182
Calculate the remainder when 417 is divided by 48.
33
Calculate the remainder when 319 is divided by 81.
76
Calculate the remainder when 4063 is divided by 7.
3
Calculate the remainder when 4781 is divided by 32.
13
What is the remainder when 70 is divided by 34?
2
Calculate the remainder when 535 is divided by 523.
12
What is the remainder when 41 is divided by 12?
5
What is the remainder when 170 is divided by 34?
0
What is the remainder when 3911 is divided by 